). Let y be v/(-4) - 441/(-12). Let n = -24 + y. What is the tens digit of n?
1
What is the tens digit of (8/10)/(11/990)?
7
Let v be (-84)/(-5) + 4/20. Suppose 5*l - v = 38. What is the units digit of l?
1
Suppose 0 = -5*s + 3*o + 197, 0 = -s + 5*o - 21 + 56. Let u = -26 + s. What is the tens digit of u?
1
What is the tens digit of ((-27)/18)/(6/(-164))?
4
Suppose -2*l - 8 = -4*r, 2*l + 2*r - 16 = -2*r. Suppose -l*z = 2*z - 24. What is the units digit of z?
6
Let j(q) = -4 - 3 + 3*q + 0*q + q. What is the tens digit of j(12)?
4
Suppose -5*q + 13 = 3*a, 4*a - 3*q = -a - 1. What is the units digit of 18 + (-1)/a + 2?
9
Let s(g) = g**3 + 11*g**2 + 8*g - 11. What is the tens digit of s(-9)?
7
Let k = -10 - -41. What is the tens digit of k?
3
Let w(y) = -y**2 - 12*y - 9. Let c be w(-12). What is the units digit of 6/(2*c/(-132))?
4
Suppose -2*b = -t - 4*t - 27, b + t - 31 = 0. What is the units digit of b?
6
Suppose 9 = -i - 3*b + 20, 4*b = 12. What is the units digit of i?
2
Let x be (3/(6/(-10)))/(-1). Suppose 2*p - s - 23 = -0, 3*s + 57 = x*p. What is the tens digit of p?
1
Suppose -2*j + 75 + 55 = -2*i, 275 = 5*j + 5*i. What is the tens digit of j?
6
Suppose -2*f = -2*i + 22, -8 = 2*f + 2*f + 5*i. Suppose -s = -0*s + 2. Let a = s - f. What is the units digit of a?
5
Let h(l) = -2*l + 4*l + l**2 + 0*l + 10 - 5. What is the units digit of h(-5)?
0
Let c = -25 - -35. Suppose 70 = 12*j - c*j. What is the units digit of j?
5
Suppose -2*h = 2 - 16. What is the units digit of h?
7
Let h(s) = s**3 + 17*s**2 - 3*s - 14. Let y be h(-17). Suppose -95 = -2*q - y. What is the units digit of q?
9
Let s be 2/(47/45 - 1). Let q be (10/6)/(5/s). Let a = q - 11. What is the units digit of a?
4
Suppose 158*h - 154*h - 364 = 0. What is the units digit of h?
1
Let k(v) = v**3 - 4*v**2. Let g be k(4). Suppose -o + 2*y + 2*y = -13, g = 4*o - 2*y - 10. What is the units digit of o?
1
Suppose 5*g + 7 = -2*t, -t - 1 + 5 = g. What is the units digit of t?
9
Let m = -4 + 7. Let o be (m*12/9)/1. Suppose -o = -s + 7. What is the tens digit of s?
1
Let o(a) = a**2 - 6*a + 4. Let p be o(6). Let w = 6 + -8. Let q = w + p. What is the units digit of q?
2
Suppose 3*z = -2*y - y + 54, 3*y - 14 = 5*z. What is the units digit of 180/y - 2/(-13)?
4
Let v(p) = p + 5. Let g be v(4). What is the units digit of 110/g + 10/(-45)?
2
Let m = 11 + -20. Let x = 5 - m. What is the tens digit of x?
1
Let b(w) = -w**3 - 17*w**2 - 2*w + 10. What is the units digit of b(-18)?
0
Let n(d) = d**3 - 5*d**2 - d - 3. Let t be n(5). Let i = -6 - t. What is the units digit of i?
2
Let z be 9/((-9)/(-74)) + 2. Suppose -2*j + 6*j = z. What is the units digit of j?
9
Let d = 3 - 7. What is the tens digit of d/18 - 552/(-54)?
1
What is the units digit of ((-35)/(-28))/((2/(-56))/(-1))?
5
Suppose -2*f - 224 = 2*f - 2*j, -2*f - 2*j = 112. Let p = -17 - f. Suppose 3*b + 34 + 31 = 5*w, 3*w + 2*b - p = 0. What is the tens digit of w?
1
Let f(l) = l**2 + 3*l - 2. Let s be f(-3). Let m(u) = -2*u**3 + 2*u**2 - 2. What is the units digit of m(s)?
2
Suppose -5*s + 185 = -665. What is the units digit of s?
0
Let h(j) be the third derivative of -j**7/5040 + j**6/120 - j**5/20 - 2*j**2. Let u(p) be the third derivative of h(p). What is the units digit of u(0)?
6
Let f(g) = -g**2 - 6 - 5 + 3*g**2 - g**2. Let m be f(0). Let r(j) = -j**2 - 13*j - 2. What is the units digit of r(m)?
0
Suppose -5*u + 10 = 0, -k - 4*u + 10 = -2*k. Let v be (k/3)/((-4)/54). Suppose v = -0*n + n. What is the units digit of n?
9
Let d = 23 - 19. Suppose -d*t - 14 = 6, 0 = 3*w - 3*t - 75. What is the tens digit of w?
2
Let o(z) = 9*z - 7. What is the hundreds digit of o(21)?
1
Let s = 3 - 1. Suppose s*g = -2*d + 23 + 29, 2*g - 4*d - 58 = 0. What is the units digit of g?
7
Let l(f) = 3*f. Let k be l(1). Suppose 2*i + k = 59. What is the units digit of i?
8
Let u = -65 + 98. What is the tens digit of u?
3
Let t be 4 + 1*-2 + 0. Suppose -10 = -5*n - p, 4*n - 3*n = -3*p + t. What is the units digit of 8 + (0 - (-2 + n))?
8
Let i(s) = -s**3 + 7*s**2 - 8*s + 3. Let x(o) = o + 1. Let f(n) = -i(n) + 3*x(n). What is the units digit of f(6)?
0
Let t be (4/6)/((-1)/(-3)). Let a(p) = -8 + 8 + p - 1. What is the units digit of a(t)?
1
Let h(l) = l**3 + 8*l**2 - l + 2. Let v be h(-8). Suppose -c = -0*c - v. What is the units digit of c?
0
Suppose -3*y = 19 - 73. Suppose -y - 1 = -t. What is the units digit of t?
9
Let o be 0/1 + (-3 - -2). Let l(v) = 15*v**2 - 2*v + 2. Let s(q) = -q**2 + 1. Let m(t) = l(t) - 3*s(t). What is the tens digit of m(o)?
1
Suppose -50 = 6*d - d. What is the units digit of (-160)/d*(-3)/(-4)?
2
Let v(c) = c**2 + 2*c - 7. Let i be v(-10). Let x = 128 - i. What is the tens digit of x?
5
Let j = 58 + -26. What is the units digit of j?
2
Suppose 0 = 9*p - 6*p - 156. What is the tens digit of p?
5
Suppose l + 4*l - 90 = 0. Suppose 2*p - 45 = 71. Suppose l = -4*r + p. What is the tens digit of r?
1
Suppose 4*n = -5*a + 70, 0 = 2*a + a + 4*n - 50. What is the tens digit of a?
1
Suppose r = -2*w + 24, 4*r + 4*w = -0*w + 96. What is the units digit of r?
4
Let b(x) = -33*x + 2. What is the hundreds digit of b(-4)?
1
Let q = -1 + 5. Suppose -2*i - 22 = -q*r, 4*r + 5*i = -r - 10. Suppose 0*b + 5*b - r*m = 16, -5*b = -m - 22. What is the units digit of b?
5
Let n(w) = -3*w + 1. Let d be n(-1). Let p be 45/(-6)*d/(-5). Let b = p - 3. What is the units digit of b?
3
Suppose -3*c = -2*c + 4, -4*q + 64 = 5*c. Suppose k - q = 3*o, 2*k - 9 = -0*k - 5*o. What is the units digit of k?
2
Suppose -157 = -2*d + 121. What is the units digit of d?
9
Suppose -2*t = 3*z + 2*t - 14, -3*t = -4*z - 23. What is the tens digit of 41/4 - z/(-8)?
1
Let x = -9 + 6. Let a = 29 + x. What is the units digit of a?
6
Let n(w) = w**2 + 2*w - 3. Let c be n(-3). Let h = c + 1. What is the units digit of h?
1
Suppose 0 = -3*t + 1 + 14. Suppose 3*m - t*k - 78 = 0, 0*m + 2*m - 3*k - 52 = 0. What is the units digit of m?
6
What is the tens digit of (-2 - 0)/(6/(-39))?
1
Let i = 1 - 7. Let r = i + 11. Suppose -r*k - 49 = -5*p + 16, 0 = -2*p - k + 17. What is the tens digit of p?
1
Let q(g) = g**2 + 4*g - 3. Let y(b) = -b - 2. Let f be y(4). Let s be q(f). What is the units digit of (-6)/s + 34/6?
5
Suppose -2*j + 3*c + 6 = 2, -j + 2*c + 2 = 0. Suppose -k = q + 1, -j*q - 3 = -3*k + 4. What is the units digit of k?
1
Suppose 0 = 5*b + 10, -4*d - 3*b + 7*b = -12. Suppose o - 3*g = 4, 3*o + 4 - d = 4*g. Let f = -2 - o. What is the units digit of f?
3
Let f be (-74)/(-14) + 2/(-7). Suppose f*m + 3*d + 73 = 0, 3*m - m + 24 = 4*d. What is the tens digit of (-4)/m + 103/7?
1
Let w = -22 + 37. Suppose -w = 4*b + 5, 4*t + 4*b = 4. Suppose -t = -4*i + 22. What is the units digit of i?
7
Suppose 4*t + 9 = 3*o, t + o = -0 + 3. Suppose t = 5*s - 4*s - 29. What is the units digit of s?
9
Suppose 0 = k - 11. Let q = 27 - k. What is the units digit of q?
6
Let u(n) = 20*n**2 + 5*n + 4. What is the tens digit of u(-2)?
7
Let m be (-46)/14 + 2/7. Let q be (-169)/(-78) + 2/(-12). Let y = q - m. What is the units digit of y?
5
Let j(v) = -11*v + 82. What is the hundreds digit of j(-14)?
2
Let o(v) = 2*v. Let g be o(1). Suppose 3*h - 52 = g. What is the tens digit of h?
1
Suppose 5*n - 7 - 3 = 0. Suppose -35 = -n*v - 3*v. What is the units digit of v?
7
Let l(f) be the first derivative of f**2 - 2*f + 1. Suppose 12 = -4*c + 8*c. What is the units digit of l(c)?
4
Let s be 4/2 - (-2)/2. Suppose -30 = -s*q + 3. What is the units digit of q?
1
Let j(g) = g - 6. Let n be j(6). Suppose 5*y - 2*i = -44 - 30, -y - i - 12 = n. What is the units digit of (y/(-6))/(2/6)?
7
Let n be (38/4)/((-2)/(-4)). Let t = n - 10. What is the units digit of t?
9
Let i = 32 - 20. What is the tens digit of i?
1
Suppose 2*f = -0*f - 24. Let u(r) = -r**3 - 11*r**2 + 11*r - 10. What is the units digit of u(f)?
2
Let q = -240 - -363. What is the tens digit of q?
2
What is the tens digit of 1/3 - 5525/(-39)?
4
Suppose 0 = 3*p - 1 + 7. Let t be (-1 + p)*20/(-6). Let m = 5 + t. What is the tens digit of m?
1
Suppose 0 = 2*c + 3*c - 25. Let t = 10 - c. Suppose 2*r - 2 = u - 3, -t*r + 3*u = 5. What is the units digit of r?
2
Let u(m) = m**3 - 5*m**2 - 5*m - 1. What is the units digit of u(6)?
5
Let x(f) = f**2 - 5*f + 5. Let l be x(